Is 75821 a composite number?
False
Is 170095 a prime number?
False
Is 57227 prime?
False
Is 457573 a prime number?
False
Is 955 composite?
True
Is 51713 prime?
True
Is 33643 prime?
False
Is 25013 a prime number?
True
Is 204641 a composite number?
False
Is 238859 a prime number?
True
Is 1005061 prime?
False
Is 4115 a prime number?
False
Is 88342 a prime number?
False
Is 9647 composite?
True
Is 109689 composite?
True
Is 1961 prime?
False
Is 16127 composite?
False
Is 443363 a composite number?
False
Is 6626 a composite number?
True
Is 28463 prime?
True
Is 22169 prime?
False
Is 46619 a prime number?
True
Is 16183 composite?
False
Is 166561 a prime number?
True
Is 182749 a prime number?
False
Is 25283 a prime number?
False
Is 63793 prime?
True
Is 705611 prime?
False
Is 7079 composite?
False
Is 17729 a composite number?
False
Is 30239 prime?
False
Is 1085453 a composite number?
True
Is 114383 a prime number?
False
Is 768837 prime?
False
Is 3915403 a composite number?
False
Is 115417 a prime number?
False
Is 117497 a prime number?
True
Is 3561 composite?
True
Is 36773 prime?
False
Is 64049 a composite number?
True
Is 4791 composite?
True
Is 781343 prime?
False
Is 47621 composite?
True
Is 6187 a composite number?
True
Is 3149897 a composite number?
False
Is 43447 prime?
False
Is 241511 prime?
True
Is 23597 prime?
False
Is 53581 a composite number?
True
Is 26153 composite?
False
Is 485479 a composite number?
False
Is 93451 a composite number?
True
Is 42737 prime?
True
Is 3991 a prime number?
False
Is 12839 a composite number?
True
Is 38414 prime?
False
Is 496241 prime?
False
Is 234569 prime?
False
Is 53749 composite?
True
Is 2157 a prime number?
False
Is 265879 a prime number?
False
Is 6385 prime?
False
Is 1358933 a composite number?
False
Is 5731 a composite number?
True
Is 177511 composite?
False
Is 39139 prime?
True
Is 364817 prime?
False
Is 3949 a prime number?
False
Is 320923 a prime number?
True
Is 206983 a composite number?
True
Is 24277 a composite number?
True
Is 227329 prime?
False
Is 100991 a prime number?
False
Is 3137 a composite number?
False
Is 313543 a composite number?
False
Is 521 a composite number?
False
Is 17561 prime?
False
Is 14923 composite?
False
Is 49103 prime?
True
Is 130323 prime?
False
Is 83 a prime number?
True
Is 70051 a prime number?
True
Is 748681 a composite number?
True
Is 408754 composite?
True
Is 47189 a prime number?
True
Is 114719 composite?
True
Is 271637 prime?
True
Is 81451 composite?
True
Is 401 a prime number?
True
Is 83203 composite?
False
Is 39749 a composite number?
False
Is 1394057 composite?
True
Is 14047 composite?
True
Is 32479 composite?
False
Is 21001 a composite number?
False
Is 3377 composite?
True
Is 55967 a prime number?
True
Is 1311577 prime?
True
Is 17657 a prime number?
True
Is 1361 composite?
False
Is 746477 composite?
False
Is 12689 a prime number?
True
Is 5639 composite?
False
Is 769 prime?
True
Is 224171 a prime number?
True
Is 15811 a prime number?
False
Is 1658627 composite?
False
Is 54893 a prime number?
False
Is 9967 a composite number?
False
Is 138029 a prime number?
False
Is 94771 a prime number?
True
Is 87767 composite?
False
Is 28963 a composite number?
True
Is 9491 composite?
False
Is 238897 a composite number?
False
Is 16971 a composite number?
True
Is 781735 a prime number?
False
Is 1708741 a prime number?
True
Is 716367 a prime number?
False
Is 133051 prime?
True
Is 6218 composite?
True
Is 48634 a composite number?
True
Is 5531 a prime number?
True
Is 408539 a composite number?
False
Is 13517 prime?
False
Is 8369 a composite number?
False
Is 3384035 a composite number?
True
Is 14137 a prime number?
False
Is 15053 prime?
True
Is 5591 a composite number?
False
Is 236689 prime?
False
Is 36187 prime?
True
Is 27571 a composite number?
True
Is 9601 a prime number?
True
Is 831 a prime number?
False
Is 70779 prime?
False
Is 41999 a prime number?
True
Is 13849 a composite number?
True
Is 147623 a prime number?
False
Is 6863 prime?
True
Is 286261 a composite number?
True
Is 14503 prime?
True
Is 1780953 a prime number?
False
Is 2611 a composite number?
True
Is 4421 prime?
True
Is 4213 a composite number?
True
Is 32917 prime?
True
Is 1873173 a composite number?
True
Is 5059 composite?
False
Is 74843 a composite number?
False
Is 445363 composite?
False
Is 193231 prime?
False
Is 240629 composite?
True
Is 83693 prime?
False
Is 59747 prime?
True
Is 7789 a composite number?
False
Is 5987 a composite number?
False
Is 23159 composite?
False
Is 33047 prime?
False
Is 61459 prime?
False
Is 22821 composite?
True
Is 12821 a prime number?
True
Is 17581 a prime number?
True
Is 514281 prime?
False
Is 769 a prime number?
True
Is 42079 a prime number?
False
Is 10751 a composite number?
True
Is 1748153 a prime number?
False
Is 124427 composite?
False
Is 53435 prime?
False
Is 37903 a prime number?
False
Is 2060059 a composite number?
False
Is 146917 prime?
True
Is 229973 a composite number?
True
Is 3566 prime?
False
Is 8467 a composite number?
False
Is 1242061 a prime number?
True
Is 153199 prime?
False
Is 231149 composite?
True
Is 10369 a composite number?
False
Is 30743 a prime number?
False
Is 80159 a composite number?
True
Is 24317 prime?
True
Is 5971 prime?
False
Is 3389 a composite number?
False
Is 363397 composite?
False
Is 272399 prime?
True
Is 221909 a composite number?
False
Is 9521 composite?
False
Is 44351 a prime number?
True
Is 9533 prime?
True
Is 115337 a composite number?
False
Is 76569 a composite number?
True
Is 78983 a prime number?
False
Is 8765 composite?
True
Is 1979 composite?
False
Is 13063 prime?
True
Is 887141 a prime number?
True
Is 3793 prime?
True
Is 1157 a prime number?
False
Is 2909 a prime number?
True
Is 26669 a prime number?
True
Is 17707 a composite number?
False
Is 211 a prime number?
True
Is 2411 a composite number?
False
Is 31469 a prime number?
True
Is 439879 a prime number?
False
Is 21001 a composite number?
False
Is 15943 a prime number?
False
Is 9467 composite?
False
Is 8563 prime?
True
Is 1041679 prime?
False
Is 91645 a prime number?
False
Is 17519 prime?
True
Is 626683 a composite number?
False
Is 759931 a composite number?
True
Is 185431 prime?
False
Is 3505 a composite number?
True
Is 191339 a composite number?
False
Is 4742 a composite number?
True
Is 190331 composite?
False
Is 198745 a prime number?
False
Is 44053 a prime number?
True
Is 240641 a prime number?
True
Is 22303 prime?
True
Is 236267 a composite number?
True
Is 48101 a prime number?
False
Is 3873 prime?
False
Is 45861 composite?
True
Is 436342 a prime number?
False
Is 344639 a prime number?
True
Is 283397 a composite number?
False
Is 5969 a composite number?
True
Is 1691 a composite number?
True
Is 11302 a prime number?
False
Is 12326 composite?
True
Is 314399 composite?
False
Is 8189 a prime number?
False
Is 1174087 prime?
False
Is 7817 composite?
False
Is 865 a prime number?
False
Is 1867579 a prime number?
False
Is 10781 a prime number?
True
Is 41773 a composite number?
True
Is 26947 a prime number?
True
Is 15094 a composite number?
True
Is 3346205 a prime number?
False
Is 115961 composite?
True
Is 160877 a composite number?
False
Is 3277 prime?
False
Is 77929 prime?
True
Is 4207 composite?
True
Is 12706 a prime number?
False
Is 16323 composite?
True
Is 1096621 prime?
True
Is 113198 a prime number?
False
Is 10667 prime?
True
Is 92269 composite?
False
Is 609737 prime?
False
Is 53473 composite?
True
Is 2159 prime?
False
Is 17729 a composite number?
False
Is 681221 prime?
True
Is 708445 composite?
True
Is 25855 a prime number?
False
Is 53377 a composite number?
False
Is 7537 prime?
True
Is 143159 a prime number?
True
Is 350843 a prime number?
True
Is 3202921 composite?
False
Is 162053 a prime number?
True
Is 1939 composite?
True
Is 1325351 prime?
True
Is 446903 a prime number?
False
Is 7817 a prime number?
True
Is 4327 a composite number?
False
Is 44611 prime?
False
Is 30011 a prime number?
True
Is 40699 a prime number?
True
Is 14971 prime?
False
Is 20803 composite?
True
Is 140549 prime?
True
Is 5981 prime?
True
Is 942893 prime?
False
Is 646099 prime?
True
Is 44921 composite?
True
Is 2310677 a composite number?
False
Is 874747 a prime number?
False
Is 83095 a composite number?
True
Is 192329 pr